What is the ten thousands digit of 4703132?
0
What is the hundred thousands digit of 123835?
1
What is the millions digit of 1812381?
1
What is the hundreds digit of 572285?
2
What is the hundreds digit of 10486866?
8
What is the hundreds digit of 7438233?
2
What is the ten thousands digit of 438676?
3
What is the hundred thousands digit of 8953792?
9
What is the ten thousands digit of 465637?
6
What is the tens digit of 213066?
6
What is the hundreds digit of 6293904?
9
What is the tens digit of 1696258?
5
What is the hundreds digit of 445117?
1
What is the hundred thousands digit of 4438822?
4
What is the units digit of 883135?
5
What is the tens digit of 62347?
4
What is the ten thousands digit of 28935?
2
What is the thousands digit of 700704?
0
What is the hundreds digit of 60777?
7
What is the hundred thousands digit of 1369233?
3
What is the hundreds digit of 10819?
8
What is the thousands digit of 132880?
2
What is the hundreds digit of 2667759?
7
What is the hundreds digit of 16968201?
2
What is the units digit of 839694?
4
What is the units digit of 5043394?
4
What is the units digit of 69975?
5
What is the ten thousands digit of 778367?
7
What is the hundred thousands digit of 487405?
4
What is the units digit of 1497357?
7
What is the ten thousands digit of 33057079?
5
What is the hundreds digit of 643871?
8
What is the thousands digit of 28973684?
3
What is the ten thousands digit of 1882682?
8
What is the ten thousands digit of 19679?
1
What is the hundred thousands digit of 592502?
5
What is the millions digit of 1586617?
1
What is the tens digit of 161426?
2
What is the hundred thousands digit of 426707?
4
What is the hundred thousands digit of 8327167?
3
What is the ten thousands digit of 160247?
6
What is the hundred thousands digit of 363666?
3
What is the tens digit of 237550?
5
What is the millions digit of 1226994?
1
What is the millions digit of 9031722?
9
What is the units digit of 3258501?
1
What is the tens digit of 693263?
6
What is the thousands digit of 1013453?
3
What is the ten thousands digit of 14220742?
2
What is the hundreds digit of 13850596?
5
What is the ten thousands digit of 1235702?
3
What is the thousands digit of 2020267?
0
What is the millions digit of 2052011?
2
What is the hundred thousands digit of 4072470?
0
What is the hundreds digit of 14660090?
0
What is the units digit of 1287295?
5
What is the units digit of 7706457?
7
What is the hundred thousands digit of 122766?
1
What is the millions digit of 1306616?
1
What is the millions digit of 26892656?
6
What is the units digit of 517499?
9
What is the hundreds digit of 62816?
8
What is the tens digit of 2586322?
2
What is the hundred thousands digit of 18170951?
1
What is the hundred thousands digit of 2337869?
3
What is the thousands digit of 423667?
3
What is the units digit of 149967?
7
What is the hundreds digit of 32379804?
8
What is the thousands digit of 1682978?
2
What is the thousands digit of 3422570?
2
What is the hundreds digit of 6355076?
0
What is the hundreds digit of 718309?
3
What is the hundreds digit of 990040?
0
What is the ten thousands digit of 1104075?
0
What is the ten thousands digit of 480204?
8
What is the units digit of 235421?
1
What is the units digit of 2240842?
2
What is the tens digit of 558998?
9
What is the hundred thousands digit of 22181293?
1
What is the thousands digit of 117959?
7
What is the thousands digit of 4459454?
9
What is the units digit of 671832?
2
What is the ten thousands digit of 39333?
3
What is the millions digit of 2240434?
2
What is the hundreds digit of 2134?
1
What is the thousands digit of 16947841?
7
What is the ten millions digit of 12116859?
1
What is the ten thousands digit of 2056416?
5
What is the ten thousands digit of 923231?
2
What is the thousands digit of 1112556?
2
What is the hundreds digit of 8814534?
5
What is the ten thousands digit of 482743?
8
What is the tens digit of 6025291?
9
What is the units digit of 14320609?
9
What is the thousands digit of 359429?
9
What is the hundred thousands digit of 3203215?
2
What is the millions digit of 3061185?
3
What is the hundreds digit of 2498313?
3
What is the hundreds digit of 88005?
0
What is the millions digit of 4500926?
4
What is the hundred thousands digit of 4689724?
6
What is the thousands digit of 191352?
1
What is the ten millions digit of 14751136?
1
What is the units digit of 655128?
8
What is the tens digit of 253299?
9
What is the thousands digit of 73423?
3
What is the hundred thousands digit of 7890979?
8
What is the ten thousands digit of 354330?
5
What is the hundreds digit of 53373?
3
What is the millions digit of 5527856?
5
What is the ten thousands digit of 199057?
9
What is the hundred thousands digit of 223476?
2
What is the hundred thousands digit of 811238?
8
What is the thousands digit of 702225?
2
What is the hundreds digit of 941465?
4
What is the hundreds digit of 5292951?
9
What is the ten thousands digit of 33393070?
9
What is the units digit of 9754532?
2
What is the hundreds digit of 5405653?
6
What is the hundred thousands digit of 9078640?
0
What is the tens digit of 11077840?
4
What is the hundred thousands digit of 3512501?
5
What is the units digit of 26033?
3
What is the hundreds digit of 14479552?
5
What is the units digit of 1430191?
1
What is the ten thousands digit of 518402?
1
What is the tens digit of 17386?
8
What is the millions digit of 4890658?
4
What is the hundred thousands digit of 839638?
8
What is the tens digit of 117615?
1
What is the units digit of 1229234?
4
What is the units digit of 375585?
5
What is the hundreds digit of 12356870?
8
What is the units digit of 19394?
4
What is the ten thousands digit of 31704?
3
What is the tens digit of 53932?
3
What is the thousands digit of 450904?
0
What is the tens digit of 192472?
7
What is the units digit of 1203640?
0
What is the ten thousands digit of 6355907?
5
What is the units digit of 16508182?
2
What is the millions digit of 1042293?
1
What is the millions digit of 10730210?
0
What is the thousands digit of 257279?
7
What is the units digit of 45262798?
8
What is the units digit of 5985650?
0
What is the hundreds digit of 788899?
8
What is the ten thousands digit of 21278062?
7
What is the units digit of 467834?
4
What is the tens digit of 417892?
9
What is the tens digit of 95347?
4
What is the units digit of 16259?
9
What is the units digit of 990204?
4
What is the tens digit of 1203125?
2
What is the thousands digit of 131640?
1
What is the hundreds digit of 45826?
8
What is the ten thousands digit of 5839692?
3
What is the thousands digit of 674049?
4
What is the tens digit of 828919?
1
What is the tens digit of 6684552?
5
What is the ten thousands digit of 10175426?
7
What is the hundreds digit of 115481?
4
What is the hundred thousands digit of 7500811?
5
What is the units digit of 321054?
4
What is the hundred thousands digit of 1795213?
7
What is the thousands digit of 80668?
0
What is the hundreds digit of 2152948?
9
What is the tens digit of 4522957?
5
What is the units digit of 85366?
6
What is the thousands digit of 352132?
2
What is the millions digit of 8896139?
8
What is the thousands digit of 133815?
3
What is the thousands digit of 26151507?
1
What is the units digit of 874146?
6
What is the units digit of 85533?
3
What is the tens digit of 44197?
9
What is the ten millions digit of 11963187?
1
What is the units digit of 14454948?
8
What is the tens digit of 153607?
0
What is the millions digit of 1475756?
1
What is the thousands digit of 414833?
4
What is the tens digit of 207904?
0
What is the hundreds digit of 898077?
0
What is the hundred thousands digit of 447422?
4
What is the millions digit of 1637905?
1
What is the thousands digit of 8401522?
1
What is the millions digit of 4685427?
4
What is the tens digit of 10282167?
6
What is the units digit of 9691111?
1
What is the hundred thousands digit of 498248?
4
What is the tens digit of 1019813?
1
What is the thousands digit of 19398971?
8
What is the hundred thousands digit of 397533?
3
What is the tens digit of 57605?
0
What is the hundreds digit of 1936163?
1
What is the tens digit of 295954?
5
What is the units digit of 8579448?
8
What is the un